at is the units digit of (675/(-36))/(-15)*(0 - -68)?
5
Let j = 6 + 0. Suppose 4*o + 30 = j*o. What is the units digit of o?
5
Suppose -p + 193 = -46. What is the hundreds digit of p?
2
Let g(y) be the first derivative of -y**4/4 + 7*y**3/3 - y**2 + 7*y + 4. What is the units digit of g(5)?
7
Let k be 4/(-12)*-2*3. Let o = k + 1. Suppose o*y + 31 = 94. What is the tens digit of y?
2
Suppose -4*c = -9*c + 2*l + 23, c + 5*l = -17. Let a = c + 1. What is the units digit of 18/4 + (-6)/a?
3
Let n be (-2 - -2)/(3/(-3)). Let l = n + 9. Let y = 10 + l. What is the units digit of y?
9
Suppose -4*v + 3*v = -4*w - 57, 0 = 3*v + 9. Let z(p) = p**2 + 13*p + 19. What is the units digit of z(w)?
9
Suppose 4*w - 4*i = 40, -2*w - 3*i = 1 - 41. What is the units digit of w?
4
Let i = -1 + 3. Suppose -m + 2 = -i*s - 5, 0 = m + 2*s - 23. What is the units digit of m?
5
Let d(c) = 3*c**2 + 4*c - 10. What is the tens digit of d(-7)?
0
Let p = -34 + 11. Let i = p + 41. What is the units digit of i?
8
Suppose -5*l + 2*f + 6 = -0*f, 4*l - 3*f - 2 = 0. What is the units digit of l/(2*(-2)/(-36))?
8
Suppose -45 = 4*w - 5. What is the units digit of (-232)/w + 6/(-30)?
3
Let i = -7 + 8. What is the units digit of ((-480)/(-100))/(i/5)?
4
Suppose -p - p + 3*i = 31, 90 = -5*p - 5*i. Suppose 2*j + 15 = -3*s, -2*s - 2*j - 4 = 4. Let c = s - p. What is the tens digit of c?
1
Let u(x) = -2 + 1 - x - 1. Let k be u(-4). Suppose 6 = -2*p, 0 = -k*d + 2*p - 4*p. What is the units digit of d?
3
Let j(p) = -p**3 + 4*p**2 - 4*p + 3. Let q(f) = f + 3. Let n be q(0). Let w be j(n). Let h = 1 + w. What is the units digit of h?
1
What is the units digit of 73/(-2)*3/(3/(-2))?
3
Let a(s) = 21*s**2 + 4*s + 1. Let y be a(3). Suppose -5*f = 2*g - y, -6*g + 2*g - 142 = -3*f. What is the units digit of f?
2
Let s = -23 - -129. What is the units digit of s?
6
Let i be (-2 + -2 - 2)*(-16)/3. Suppose 3 - 67 = 4*m. Let o = m + i. What is the tens digit of o?
1
Let d = 305 - 173. What is the hundreds digit of d?
1
Let y be 6*(-1)/2 - -8. Suppose 4*w + y*j - 79 = 0, -4*j - 5 = -1. What is the tens digit of w?
2
Let i(m) = -m**3 + 8*m**2 + m - 10. Let h be i(8). Let q = h - -25. What is the units digit of q?
3
Suppose -6*w - 58 = -7*w. What is the tens digit of w?
5
Let b(a) = -7*a**3 - 5*a**2 - 7*a + 11. Let n(h) = -3*h**3 - 3*h**2 - 3*h + 5. Let r(f) = 2*b(f) - 5*n(f). What is the units digit of r(-3)?
2
Suppose -4 + 12 = 4*h. Suppose m + 3*m - 112 = h*v, -3*v + 66 = 3*m. What is the tens digit of m?
2
Suppose -3*v + 2 = 3*h - 16, 3*h - 17 = -2*v. Let l = h - -12. What is the units digit of l?
7
Let r(u) be the third derivative of u**5/60 - u**4/3 + 5*u**3/6 + 2*u**2. Let j be r(9). Let z = j + 2. What is the tens digit of z?
1
Let v(y) = 3*y**2 + 12. Let c(i) = 4*i**2 - i + 13. Let a(o) = -4*c(o) + 5*v(o). Let j be a(6). What is the tens digit of 5/(25/j)*-15?
1
Suppose 813 = 5*w + d, 2*d + 2*d = -8. What is the hundreds digit of w?
1
Let q(i) = 8*i + 16. What is the tens digit of q(5)?
5
Let w(i) = 162*i**3 - 4*i**2 + 5*i - 2. What is the tens digit of w(1)?
6
Let b(o) = -o**2 + 2*o + 6. Let s be b(6). Let i = s - -31. What is the units digit of i?
3
Let u(p) = -19*p + 4. Let n be u(-6). Suppose 3*z + n = -0*z - 5*s, -3*z = 2*s + 103. Let t = -15 - z. What is the tens digit of t?
1
Suppose -56 = -2*z - 2*z. Suppose 0 = 5*q - 4*u - 188, -u = -q + 52 - z. What is the tens digit of q?
3
Let r be (-312)/20 + (-4)/10. Let o = -5 - r. Let b = o + 1. What is the units digit of b?
2
Suppose 0*l - 576 = -8*l. What is the tens digit of l?
7
Suppose 114 + 114 = -4*g. Let j = -32 - g. What is the units digit of j?
5
Let w be (-10)/25 - (-44)/10. Suppose -4*l = -4*x + 80, -3*x + w*l = 2*l - 61. What is the tens digit of x?
2
Suppose q = 5*u - 5, 0 = -2*u + 2*q - 6 - 0. Suppose 0*r - 3 = 3*r. Let z = r + u. What is the units digit of z?
1
Suppose -2*q + 247 = 2*q + y, 0 = -2*q + 4*y + 128. What is the tens digit of q?
6
Let m(x) = 4*x + 140. What is the units digit of m(0)?
0
Let j(g) = -7 - 3*g + 2*g**2 - 2*g + 0*g. What is the tens digit of j(5)?
1
Suppose -5*x + 3*w + 615 = -331, -2*w + 184 = x. What is the tens digit of x?
8
Let n be 3 + -2 + -2 + -12. Let d(a) = -a - 4. Let g be d(-2). Let h = g - n. What is the units digit of h?
1
Let r(i) = -2*i - 4. Let s(u) = -u**3 - 7*u**2 + 9*u + 4. Let y be s(-8). Let j be r(y). Suppose 0*g + g = j. What is the units digit of g?
4
Let y(o) = -o**3 + 8*o**2 - 6*o - 4. Let n = -4 + 11. Let k be y(n). Suppose 27 = k*l + 4*x, 0 = 4*l - 4*x - 19 - 17. What is the units digit of l?
9
Let s(v) = v**3 + 12*v**2 - v - 9. Let l be s(-12). What is the units digit of l/(-9)*(-36 - -3)?
1
What is the tens digit of ((-104)/6)/(3/(-9))?
5
Suppose 3*m - a = 152, 4*a = m - 3*m + 120. What is the tens digit of m?
5
Suppose b = -b + 6. Let k(r) = 2*r**2 - 3*r + 2. What is the tens digit of k(b)?
1
Suppose g + 0 - 4 = 0. What is the units digit of g?
4
Suppose -t + 0*t = 0. Suppose t*o = -o. Let d(v) = -v**3 + v**2 - v + 6. What is the units digit of d(o)?
6
Let x(u) = 1 + 2*u - 4*u + 6 - 1. Let w be x(5). What is the units digit of (0 - -2 - w)*1?
6
Let u = 19 - 23. What is the units digit of u/4 - (-156)/4?
8
Suppose -4*n = -2 - 6. Suppose u = -5*l + 22, -6*u + 5*l = -n*u + 12. Suppose -17 - 11 = -u*h. What is the units digit of h?
4
Let r(c) = -c**3 - 12*c**2 - 5*c - 4. What is the units digit of r(-12)?
6
Let q(s) = 2*s**3 - 2*s**2 + 2*s + 3. What is the units digit of q(4)?
7
Suppose 11*x - 138 = 8*x. What is the tens digit of x?
4
Let m = -282 - -442. Let d = 229 - m. Suppose -4*q = 5*w - d, -2*q + 33 = w - 0*w. What is the units digit of q?
6
Let t be 15 - (-1)/(-2)*6. What is the units digit of (t/10)/(6/80)?
6
Let h(o) be the third derivative of -o**5/60 - o**4/3 - 3*o**3/2 + 6*o**2. Suppose 0 = -3*j - 3*m + 6*m - 18, 18 = -3*j + m. What is the units digit of h(j)?
3
Let n = 4 - 6. Let s = 6 + n. What is the units digit of s?
4
Let q = -12 - -17. What is the units digit of q?
5
Let x(c) = c**3 - 9*c**2 + 20*c - 9. What is the tens digit of x(8)?
8
Let b = -6 - -11. Suppose -5*u - b*s + 70 = 0, -5*u - s + 94 = -2*s. What is the units digit of u?
8
Let z(x) = -x**3 - 7*x - 4. Let y(o) = -3*o**3 - 20*o - 11. Let s(u) = 6*y(u) - 17*z(u). What is the units digit of s(0)?
2
What is the tens digit of (140/(-50))/(3/(-255))?
3
Suppose 3*l - 44 = -8. Let g = l - 7. Suppose -g*w - 4*j = -30, -25 = 3*j + 2*j. What is the tens digit of w?
1
Let g(k) = 5*k**2 - 19*k + 8. Let l(r) = 14*r**2 - 56*r + 24. Let i(u) = 17*g(u) - 6*l(u). Let y be i(-13). Let t = -3 - y. What is the units digit of t?
5
Suppose 0 = 2*a - 5*a + 45. What is the tens digit of a?
1
Let n be (13/(-5))/(2/(-10)). Let j = 9 + n. What is the tens digit of j?
2
Suppose -2*w = -5 - 3. Suppose w*j - 26 = 2. What is the units digit of j?
7
Suppose u - 36 = 27. What is the tens digit of u?
6
Suppose -35 - 7 = 2*j. Let s = j + 26. What is the units digit of s?
5
Suppose -2*r = 5*m - 45, -r = -0 - 5. Suppose -20 = 2*d - m*d. Suppose 0*n = d*n - 4. What is the units digit of n?
1
Let i(d) = 122*d + 2. Let j be i(1). Suppose 0 = 2*o - 3*b - 17 - 60, 3*o + 4*b = j. What is the tens digit of o?
4
Suppose -46 = -7*v + 136. What is the units digit of v?
6
Suppose -2*y + 3*o + 282 = -0*o, 2*o = -y + 134. What is the hundreds digit of y?
1
Let r = -8 + 16. Suppose 38 = -2*z - 2*w, w - 74 + r = 4*z. Let u = z - -25. What is the units digit of u?
8
Let h(b) be the third derivative of b**6/120 + b**5/30 - b**4/12 - b**3/2 + 7*b**2. What is the units digit of h(-2)?
1
Let n = -11 - -18. Let q = n - 4. Let u = q - -5. What is the units digit of u?
8
Suppose -2*c + 1 = -35. What is the tens digit of c?
1
Suppose -3*b - o + 3*o = -21, b + 4*o = 7. Let w = 2 - 2. Let u = w + b. What is the units digit of u?
7
Suppose 0*y = -4*y. Suppose l = 5*d + 2*l + 19, y = -2*d - 5*l - 3. Let i = 4 - d. What is the units digit of i?
8
Let d be (-24)/(-20)*20/(-3). Let m be 1 + 1 + -7*1. What is the units digit of ((-6)/d)/(m/(-40))?
6
Let j = -11 - 89. What is the units digit of (-1)/4 + j/(-16)?
6
Suppose -19 = -2*l + 9. What is the tens digit of l?
1
Let s(r) = 2*r - 18. Let c be s(14). What is the tens digit of 214/14 - c/35?
1
Let f be (-2)/(-3 + 1